v) = v**3 - 5*v**2 - 5*v - 6. Let k be (-13 - -1)*(-5)/10. Let h be r(k). Suppose 10*n - 5*n - 115 = h. Calculate the remainder when n is divided by 13.
10
Let n = -83 + 119. Calculate the remainder when (-9)/n - 45/(-4) is divided by (-8)/(-6)*(-6)/(-2).
3
Suppose 5*t - 65 = -20. What is the remainder when (-54)/(-2) + (0 - 1) is divided by t?
8
Let y be ((-21)/(-2))/(1/(-2)). Let u be (-2)/(((-18)/y)/(-3)). Let j(v) = 6*v - 7. What is the remainder when j(u) is divided by 18?
17
Suppose 0 = 5*a - 3*a - 20. What is the remainder when (-1)/(1*4/(-148)) is divided by a?
7
Let l = 6 - -13. Suppose -4*s - 17 = -1. What is the remainder when l is divided by 82/8 - (-1)/s?
9
Let i(a) = 3*a - 10. Let m(l) = 3*l - 4. What is the remainder when i(8) is divided by m(3)?
4
Let r be -2 + (0 - 0) + 4. Suppose -x + 9 = -r. Let o(u) = 11*u - 1. Calculate the remainder when o(3) is divided by x.
10
Suppose -3*r + 57 = l + l, -l - 57 = -3*r. Calculate the remainder when 73 is divided by r.
16
What is the remainder when (2 + -144)*4/(-8) is divided by 37?
34
Suppose 5*m = 7*m - 4. Suppose m*a - 48 = -2*a. Calculate the remainder when 35 is divided by a.
11
Let h(n) = -3*n**3 + n**2 - 7*n - 16. Let p(m) = -m**3 - 2*m - 5. Let g(a) = -2*h(a) + 7*p(a). Calculate the remainder when 21 is divided by g(-3).
3
Suppose -3*o = o - 12. Suppose o*b - 4 = b. Calculate the remainder when ((-2)/(-6))/(1/9) is divided by b.
1
Suppose 2*l - 100 = 3*q, 0 = -0*l - 4*l + q + 190. What is the remainder when l is divided by 17?
13
Suppose 0 = -r + 29 + 46. Calculate the remainder when r is divided by 16.
11
Calculate the remainder when 34 is divided by 38/(-9)*-1 + (-12)/54.
2
Let t(o) = o**2 - 4*o - 3. Let m(q) = -5*q**2 + 14*q - 7. Let i(v) = -v**2 + v. Let k(p) = -4*i(p) + m(p). Calculate the remainder when t(5) is divided by k(9).
0
Suppose 44 = 4*f - 0*f. What is the remainder when 42 is divided by f?
9
Suppose 5*x - m = 52, -3*m = 2*x + x - 24. Calculate the remainder when x is divided by 4.
2
Suppose i - 12 = -2*y + 5, 5*i + 2*y = 53. What is the remainder when 42 is divided by i?
6
Let h = 1 + -2. What is the remainder when h/6 - (-1209)/18 is divided by 23?
21
Suppose f - 13 - 1 = 0. Suppose 3*p + 83 = k, 5*p = 2*k + 17 - 186. Suppose 0 = 3*y - k + 14. What is the remainder when y is divided by f?
12
Let s = 14 + 59. What is the remainder when s is divided by 19?
16
Let p(u) = -42*u + 1. Let b(c) = c + 2 - 31*c - 11*c - 1. Let d(l) = -4*b(l) + 3*p(l). Calculate the remainder when d(1) is divided by 13.
11
Suppose 5*u + 8 = -7. What is the remainder when 17 is divided by 1/(51/(-18) - u)?
5
Suppose -34 = -4*c + 2*c. What is the remainder when 84 is divided by c?
16
Calculate the remainder when (-178)/(-4) - (-39)/(-26) is divided by 11.
10
Suppose b = 6*b + 25. Calculate the remainder when 74 is divided by (0 + b)*(-5)/1.
24
Let b = 11 - 22. Let t = b + 31. Calculate the remainder when 57 is divided by t.
17
Let b = -25 + 78. What is the remainder when b is divided by 16 - ((-8)/2)/(-2)?
11
Suppose 0 = -p + 4*p + 309. Let w = -56 - p. Calculate the remainder when w is divided by 12.
11
Let h(b) = b**3 - 8*b**2 - b + 10. What is the remainder when 8 is divided by h(8)?
0
Suppose 6*z = z + 275. What is the remainder when z is divided by 14?
13
Suppose v = 3*r - 11, -3*v + 4*v + 2*r = -36. Let z = v - -17. Let y = -1 - z. Calculate the remainder when 23 is divided by y.
7
Let b = -81 + 145. Calculate the remainder when b is divided by 11.
9
Let p = -8 + 5. Let b = p + 8. Let i = 1 - -8. What is the remainder when i is divided by b?
4
Suppose b - 7 = 7. Calculate the remainder when 38 is divided by b.
10
What is the remainder when 45 is divided by (-10)/(-25) - (-38)/5?
5
Let b = -2 + 2. Let h = 5 + b. What is the remainder when 6*(-2)/(-15)*10 is divided by h?
3
Suppose -98 = -3*w + w. What is the remainder when w is divided by 26?
23
Suppose 5*x = 5*c + 65, c + 23 = 3*x - 8. What is the remainder when 34 is divided by x?
7
Let n(b) = -b - 6. Suppose k + k = -16. What is the remainder when 2 is divided by n(k)?
0
Let r = 112 + -75. Let b(x) = x**3 + 6*x**2 + x - 1. Calculate the remainder when r is divided by b(-5).
18
Let m be (17/3)/((-7)/21). Let v = 20 + m. What is the remainder when v is divided by 3?
0
What is the remainder when 63 is divided by 4/(-2) + 5 + 13?
15
Let y(a) = a**2 - 8*a - 1. Let l = 11 - 6. Let q be y(l). What is the remainder when (q/(-20))/((-1)/(-35)) is divided by 10?
8
Let h = 28 + -14. What is the remainder when h is divided by 5?
4
Suppose -54 = -5*v + 36. What is the remainder when 71 is divided by v?
17
Let l be (-87)/(-27) + (-2)/9. Suppose 13 = 3*d + q + l*q, -q = -3*d + 23. Calculate the remainder when d is divided by 3.
1
Suppose 2*v + o = -0*v + 53, -o + 1 = 0. What is the remainder when 102 is divided by v?
24
Let t(r) = -r**2 + 4*r + 6. Let k be t(5). Calculate the remainder when 9 is divided by k/((-9)/12 + 1).
1
Suppose 0 = f + 4*t + 12, 2*f - 4*t - 12 = 4*f. Suppose 18 = -f*n + 2*n - 2*v, 0 = -2*n - 3*v + 38. Calculate the remainder when n is divided by -2 + -3 + 12/1.
6
Suppose 13 = 2*i - 3*d, 2*d - 4 + 2 = 0. Suppose 2*y + 63 = t, 4*t - 223 = 4*y + 37. Calculate the remainder when (-2)/(-3) - t/(-3) is divided by i.
7
Suppose n - 11 = -2*p, 5*n - 6*n - 4 = -p. What is the remainder when 2 is divided by n?
0
Calculate the remainder when (-10)/(-30) - 118/(-6) is divided by 11.
9
Suppose -2*v + 4*j = 9 - 25, 3*v = 2*j + 12. Suppose v*a + 90 = -3*a. What is the remainder when 40 is divided by (-256)/a + (-4)/18?
12
Let k = -38 + 43. What is the remainder when 17 is divided by k?
2
Calculate the remainder when (-6)/(-10)*1785/(-14)*-2 is divided by 31.
29
Let o be 4/(-10) - 4/(-10). Suppose o = 2*j - 226 - 38. Suppose 0 = -0*r + 3*r - k - 144, -3*k = 3*r - j. What is the remainder when r is divided by 16?
15
Let c(s) be the third derivative of -s**4/8 - s**3/6 - 2*s**2. Let g be 1/((2/2)/(-1)). What is the remainder when 4 is divided by c(g)?
0
Let s(y) = y**2 - 4*y - 1. Let n be s(-7). Suppose -4*w = -2*w - n. What is the remainder when w is divided by 11 + (4/(-2))/2?
8
Suppose 144 = -9*m + 11*m. What is the remainder when m is divided by 25?
22
Let n be (-2)/3 - (-4)/(-3). Let b be n/(-7) - 44/7. Let w(s) = s**2 + 5*s + 7. Calculate the remainder when 24 is divided by w(b).
11
Let t(i) = -i**3 + 9*i**2 - 11*i + 42. What is the remainder when (-1)/2*2*-69 is divided by t(8)?
15
Suppose 0 = -5*y + q + 341, -3*q + 192 = 3*y - 9. What is the remainder when (-8)/(-16)*y*1 is divided by 12?
10
Let a = 38 + -24. Suppose 0*f - 3*f - 9 = 0. What is the remainder when -9*(0/(-4) + f) is divided by a?
13
Suppose -63 = -4*y - 0*b - b, 0 = -3*b + 9. What is the remainder when y is divided by 9?
6
Let l = 42 - 29. Suppose -5*a + 241 = -y, a = 2*a + 4*y - 65. What is the remainder when a is divided by l?
10
Let i = 14 + -3. What is the remainder when 21 is divided by i?
10
Let g(z) = -2*z - 2. What is the remainder when g(-7) is divided by 7?
5
Let n = 3 - 0. Suppose -n*c = 0, 5*c = -4*a + 2*c + 20. Calculate the remainder when a is divided by 4.
1
Suppose -c - 6 = 2*c, -5*v + 5 = 5*c. What is the remainder when (12 - (-2)/1)/2 is divided by v?
1
Calculate the remainder when 21 is divided by (-356)/(-30) + 6/45.
9
Suppose 0 = -5*y + 10 + 200. Suppose -101 = -5*l - 0*j + 4*j, 0 = -2*l + 2*j + y. What is the remainder when l is divided by 6?
5
Suppose -4*c = -0*c - 200. Suppose -9 = -2*o + 25. Calculate the remainder when c is divided by o.
16
Let s(k) = -k**2 - k - 2*k**3 + 2*k**2 + 2*k. What is the remainder when 33 is divided by s(-2)?
15
Let a = 1 - 5. Calculate the remainder when 18 is divided by 82/8 + 1/a.
8
Let p(o) = 11*o**2 + 5*o + 3. Calculate the remainder when p(4) is divided by 50.
49
Suppose -2*i + 19 - 3 = -f, 3*i - f - 23 = 0. Suppose 2*d - i*d = 0. Suppose -w + 3*w - 38 = d. Calculate the remainder when w is divided by 7.
5
Let u(s) = s**3 - 6*s**2 - 2*s + 3. Calculate the remainder when u(8) is divided by 29.
28
Suppose -5*z + 20 = -20. Calculate the remainder when 213/9 - 2/3 is divided by z.
7
What is the remainder when 33 is divided by 0 - -2 - 20/(-2)?
9
Suppose 4*t - 14 = 3*t. Suppose 2*k - t = -2. Let d = 16 + -12. Calcu